). What is the tens digit of (-26)/(-2) - n/(-16)?
1
Suppose 2*k + k = 3. Let h be 4 + -2 - (1 - k). Suppose -1 = h*p - 3. What is the units digit of p?
1
Suppose -y - h + 20 = -5*h, 0 = -5*h + 5. Suppose -o + y = -3. What is the units digit of o?
7
Let b = -7 - -4. Let w = 6 - b. Suppose 3*o = w + 6. What is the units digit of o?
5
Let x(s) = 2*s - 5. Suppose 3*i - 5*t - 10 = 31, -5*t - 13 = i. What is the units digit of x(i)?
9
Suppose -4*s - 2*j - j = -1, 0 = 5*j - 15. Let t(m) = m**3 + 2*m**2 - m. What is the units digit of t(s)?
2
Suppose 3*d = -0*d + 3. Let h(k) = 4 + 2 + k + d. What is the units digit of h(0)?
7
Let z(y) = y**3 + 14*y**2 - 14*y + 16. What is the units digit of z(-15)?
1
Suppose 0 = 2*x + 2, u + 4*x - 11 = -2*u. Suppose u*z - h - 185 = -3*h, -15 = 3*h. What is the units digit of z?
9
What is the tens digit of (-3 - 1)/(15/(-150))?
4
Let y be 0/(0 - 4/4). Suppose y = -5*d + 54 + 1. What is the units digit of d?
1
Let z = 3 + 1. Let l = z - 4. Suppose k - 3 - 3 = l. What is the units digit of k?
6
Suppose -5*m = -3*q + 21, -4*m = 4*q - 0 + 4. Suppose q*x + 6 = 22. What is the units digit of x?
8
Suppose -28 = -r + 5*z, 2*z + 22 = 4*r - 0*z. Suppose -2*h + 39 = r*c, -h + 4*c = c - 24. What is the units digit of h?
1
Let n be 9/3 - 0 - -14. What is the tens digit of n + 1/2*-4?
1
Suppose -3*a + 7*a - 4*x = 4, 4*a = 5*x. Suppose -4*v + 65 = 5*i - v, a*i - 65 = 3*v. What is the tens digit of i?
1
Let d(r) = 2*r - 28. Let j be d(14). Let v(t) = t**2 + t + 6. Let s be v(6). Suppose j*z - 2*z + s = 2*h, z - 40 = -5*h. What is the tens digit of z?
2
Suppose 7*m - 8 = 3*m. Suppose g = -2*v + 22, -26 = -m*v + g - 0*g. What is the tens digit of v?
1
Let c = -124 - -285. What is the units digit of c?
1
Suppose 5*s + 265 = 5*h, 4*h = 3*s + 59 + 150. Let u = h + -28. What is the tens digit of u?
2
Let l(a) = 23*a**2 - 2*a - 1. Let u(v) = -v + 9. Let t be u(10). What is the tens digit of l(t)?
2
Let f = 0 - -2. Let t be 36/10 - 12/(-30). What is the tens digit of (1 + t)*f/1?
1
Let b = -24 - -37. Let o = b - 8. Suppose -o*s = -3*p - 8 - 2, 2*s - 35 = -5*p. What is the units digit of s?
5
Suppose 0 = 3*h - 2 + 11. What is the tens digit of (104/12)/((-2)/h)?
1
Suppose 2*h - 4*h = -16. Suppose 0 = 5*a - 3*a - h. Suppose -3 = a*z - 51. What is the tens digit of z?
1
Let u(b) = -14*b + 20. What is the units digit of u(-6)?
4
Suppose -2*t = -5*n + 5 + 317, 190 = 3*n - 2*t. What is the tens digit of n?
6
Let x(g) = g**3 - 7*g**2 + 6*g - 6. Let w be x(6). Let y = w - -10. Suppose -y*h - h = -20. What is the units digit of h?
4
Suppose -m - 4*m = -30. What is the units digit of 76/m - 6/9?
2
Suppose 6*w - 47 = 919. What is the units digit of w?
1
What is the tens digit of 36 + -1 + (-4 - -3)?
3
Let v = -26 - -36. What is the tens digit of v?
1
Let t(d) = d**3 - 10*d**2 - 10*d - 10. Let g be t(11). Suppose 0 = -3*c + 3*y + 30, 2*y - 5 = -2*c - g. What is the units digit of c?
6
Suppose 5*o + 153 - 545 = m, 0 = -4*o + 2*m + 316. What is the tens digit of o?
7
Let r(l) = -l**3 - 3*l**2 - 4*l + 1. Let o be r(-3). What is the tens digit of o/(-13) - (-19 - -1)?
1
Suppose -7*s + 2*s + 30 = 0. What is the units digit of s?
6
Let m = 38 + -23. What is the tens digit of m?
1
Let f be 30/(3 + 0) - 0. Let j(n) = n**3 - n**2 - n. Let w be j(2). What is the units digit of (2 - -3)*w/f?
1
Suppose -3*x - 19 = -y, 24 = 4*y - x + 2*x. What is the tens digit of (-2)/y - 428/(-28)?
1
Suppose 0 = 10*k - 2619 + 839. What is the tens digit of k?
7
Let q = 99 + -36. What is the units digit of q?
3
Let v = 20 + 22. What is the tens digit of v?
4
Let y(c) = 3*c + 2 + 2*c**2 - 3 - 5*c. What is the tens digit of y(-2)?
1
Suppose -4*m + 120 + 56 = 0. What is the units digit of m?
4
Suppose 5*m - 20 = -4*i, -i + 25 = 4*i + 5*m. Suppose i*o + 13 + 32 = 0. What is the units digit of 2/(-2*3/o)?
3
Suppose a + 21 = 3*r - 54, -4*r - 3*a = -113. What is the tens digit of r?
2
Suppose -3*m = 2*i - 160, -5*i = 5*m - 464 + 69. What is the units digit of i?
7
Let o(h) = -2*h + 6. Let d be o(5). What is the units digit of d + 3 + 6 + 4?
9
Let s(p) be the third derivative of p**5/60 + 5*p**4/12 + 7*p**3/6 + p**2. Let y be s(-9). Let g = 6 - y. What is the units digit of g?
8
Suppose -32 - 19 = -3*b. What is the tens digit of b?
1
Suppose -4*z = 4, 2*d = 5*z + 3 + 4. Let g(t) = 0 + 3 + d - t. What is the units digit of g(3)?
1
Let g be (-47)/9 - (-4)/18. Suppose -4*q + 6 = -3*q. Let u = q + g. What is the units digit of u?
1
What is the tens digit of 30*3*(-4)/(-12)?
3
Let z(l) = 2*l**2 + 4*l + 4. Let h be z(-3). Suppose 4 - h = -3*b. Suppose -b*j + 2 = 0, -2*j = -x - 0*j + 9. What is the units digit of x?
1
Let h be 1 - 0 - (6 + -8). What is the units digit of (2/h)/((-4)/(-54))?
9
Let x = -1 + 6. Suppose -5*g - w = -g - 39, -x*g + 80 = -5*w. What is the units digit of g?
1
Let d = 86 + 10. What is the units digit of d?
6
Let i(w) = -4*w - 5. Let d be i(8). Suppose 3*f - f - 38 = 2*c, 0 = 5*c + 3*f + 111. Let h = c - d. What is the units digit of h?
6
Let o = 4 + -2. Suppose o*b + 3*b = 0. Suppose b*w = -w - 4*v - 1, 5*v = 4*w - 17. What is the units digit of w?
3
Suppose -d + 6*d = 0. Suppose -q - 2*q + 42 = d. What is the tens digit of q?
1
Suppose 2*c = -4*d - 0*d + 22, 5*d = -2*c + 24. Suppose o - 2 = c. Let x(h) = -h + 11. What is the units digit of x(o)?
2
Let r = 6 + -5. Suppose -n + r = -b + 3*b, -n + 2 = 3*b. What is the units digit of (15/25)/(n/(-15))?
9
Suppose -g + 10 = g. Let n(b) = 6*b**2 + g*b + 3 + 0*b - 4*b**2. What is the units digit of n(-3)?
6
Let j(w) be the second derivative of -w**3/3 + w**2/2 + 2*w. Suppose 0 = 3*y + 6 + 12. What is the units digit of j(y)?
3
Suppose 0 = w + 5 - 21. What is the tens digit of w?
1
Suppose -5 - 13 = b. Let z = -10 - b. What is the units digit of z?
8
Suppose 4*j + 6 + 0 = -2*t, 6 = -j - 2*t. Suppose 0*z - 3*z = 3*q - 39, j = -z + 2. What is the tens digit of q?
1
Let m(y) = -6*y + 19. What is the tens digit of m(-12)?
9
Suppose 0 = -d + 2*m + 56, -3*d - 255 = -8*d + 5*m. What is the tens digit of d?
4
Let g = 80 + -52. What is the tens digit of g?
2
Let k(j) = j**3 - 7*j**2 + 9*j - 8. Let z(c) = -c. Let n be z(-6). What is the units digit of k(n)?
0
Suppose 5*x = -4*u + 43, -u + 1 - 6 = -4*x. Let i = 2 + u. What is the units digit of i?
9
Suppose -s = -5*s + 20. What is the units digit of 3/(-5) - (-23)/s?
4
Let l = 35 - 29. What is the units digit of l?
6
Suppose 4*u = 230 - 14. What is the units digit of u?
4
Let t be -1 - -60 - (-6 + 6). Suppose t = 4*g - 73. What is the tens digit of g?
3
Let x be 4/(-10) - 4/(-10). Let n be (1 - 1) + x + 1. What is the units digit of (n - -2) + 10/1?
3
Let p(r) = r**2 + 2*r - 5. Let o be p(-4). Let n = o - 3. What is the units digit of (n + 21)*4/12?
7
Suppose -4*x + 6*m - m = 29, -4*m = 3*x + 14. Let w be ((-16)/(-2))/(6/9). Let o = x + w. What is the units digit of o?
6
Suppose 0*x = 5*m + 4*x - 344, -5*x = 20. What is the units digit of m?
2
Let j = -77 + 144. What is the units digit of j?
7
Let t be (-20)/(-5) - (0 - 0). Suppose 4*i - 17 = k, -2*i - 22 = -t*k - 4*i. Suppose -2 - k = -v. What is the units digit of v?
5
Let d = 16 + -9. What is the units digit of d?
7
Suppose -3*n - 2 = -5*n. Suppose 0 = -a + 2*a - n. Suppose 4*x - a = 3*r - 2*r, 0 = -5*x + 25. What is the units digit of r?
9
Let u = 0 + 4. Suppose -4*c - 69 = 3*a, -u*a = -3*c - 3*a - 42. What is the units digit of (-36)/c - 4/10?
2
Let c be 14*((-3)/(-2))/3. Let s = c + -14. Let b = -5 - s. What is the units digit of b?
2
Suppose 2*r - 4*r + 40 = 0. What is the units digit of r?
0
Let v(g) = -g**3 - 2*g**2 - 14*g - 4. What is the hundreds digit of v(-5)?
1
What is the units digit of 49 + (-4 - -2) - 2?
5
Let p = 44 - -35. What is the units digit of p?
9
Suppose -2*d + 3*d - 6 = 0. Let x(o) = o**2 + 9*o + 10. Let q be x(-7). Let p = q + d. What is the units digit of p?
2
Let v(t) = 3*t - 1. Let w be v(2). Suppose 4*q = -w*p + 30, -25 = -6*q + 3*q - 5*p. What is the units digit of q?
5
Let x = -4 + 7. What is the units digit of x?
3
Let b(i) = 13*i**2 + 27*i + 20. Let u(j) = 7*j**2 + 14*j + 10. Let q(d) = 6*b(d) - 11*u(d). What is the units digit of q(-7)?
3
Suppose -3 + 1 = -z. Suppose 2*y - 3*y = -z. What is the unit